85).
-493
Let t(y) = 7*y**3 - 123*y**2 + 500*y - 33. Determine t(11).
-99
Let u(d) = -62*d**2 - 236*d + 3. What is u(-5)?
-367
Let w(t) = -16*t**3 - 8*t**2 + 16*t + 38. Give w(-2).
102
Let q(f) = -564*f - 47375. Determine q(-84).
1
Let f(t) = -2*t**2 + 303212*t - 6366575. Calculate f(21).
-5
Let o(d) = d**3 + 24*d**2 - 553*d - 11799. What is o(-29)?
33
Let h(t) = 1112*t**3 - 8897*t**2 + 55. Calculate h(8).
-9
Let a(m) = 3*m**3 - 107*m**2 + 77*m + 154. What is a(35)?
399
Let x(h) = 20*h**3 + 8*h**2 + 66*h + 38. Determine x(-5).
-2592
Let k(i) = 200601*i - 802537. What is k(4)?
-133
Let f(g) = 33*g**2 + 5718*g + 7227. Give f(-172).
3
Let b(f) = -943*f**2 + 27*f + 19. Calculate b(-1).
-951
Let m(u) = -3*u**2 + 428*u - 6210. Calculate m(17).
199
Let t(d) = 77*d - 7650. Determine t(114).
1128
Let x(j) = -j**2 - 241*j + 13217. What is x(46)?
15
Let u(k) = -k**2 - 3546*k + 600711. Calculate u(162).
15
Let y(t) = 2022*t - 74808. Calculate y(37).
6
Let f(d) = 84*d - 13515. What is f(161)?
9
Let v(s) = -53296*s - 8101004. What is v(-152)?
-12
Let d(m) = 4*m**3 - 30*m**2 - 5*m - 96. Calculate d(8).
-8
Let j(y) = 11397*y - 866161. Give j(76).
11
Let h(b) = 453*b + 6686. Calculate h(-17).
-1015
Let o(v) = -5*v**3 + 198*v**2 + v - 13. Calculate o(0).
-13
Let n(d) = -d**3 - 11*d**2 + 230*d - 4. Determine n(11).
-136
Let b(k) = -21738*k - 65198. What is b(-3)?
16
Let c(i) = 30*i**2 + 1136*i + 4938. Calculate c(-5).
8
Let v(n) = -5*n**3 - 59*n**2 - 130*n - 41. What is v(-3)?
-47
Let a(c) = -c**3 + 5*c**2 - 1542*c - 16912. Give a(-10).
8
Let i(v) = -5022*v - 1717516. Determine i(-342).
8
Let x(r) = -r**3 + 25*r**2 - 161*r + 95. What is x(20)?
-1125
Let h(w) = 993*w - 80350. Determine h(83).
2069
Let x(d) = -106614*d + 106620. Give x(1).
6
Let x(g) = 3*g**3 + 54*g**2 - 424*g - 7656. What is x(-18)?
-24
Let c(h) = -11*h**3 - 213*h**2 - 950*h - 529. Determine c(-13).
-9
Let p(n) = 10*n**2 - 180*n - 5708. Give p(34).
-268
Let n(w) = 5*w**2 + 1305*w + 61674. Determine n(-199).
-16
Let i(b) = -b**3 - 16*b**2 - 1905*b - 34946. What is i(-18)?
-8
Let d(m) = 26*m**2 + 1117*m + 8517. What is d(-33)?
-30
Let o(l) = -5294*l**2 + 52942*l - 27. Give o(10).
-7
Let y(z) = -z**2 + 5*z + 1397. Calculate y(-36).
-79
Let q(z) = 15*z**2 + 723*z + 8670. Calculate q(-26).
12
Let q(f) = 2367*f + 1531460. Calculate q(-647).
11
Let x(i) = 42*i**2 + 483*i - 441. Determine x(-12).
-189
Let x(n) = 2*n**2 - 176*n - 54. Determine x(78).
-1614
Let c(j) = -2*j**3 - 5*j**2 + 338*j + 1365. Give c(-4).
61
Let r(c) = c**3 + 89*c**2 + 279*c + 24835. What is r(-89)?
4
Let p(j) = 1021*j - 79815. Determine p(78).
-177
Let a(y) = 737*y - 37074. What is a(50)?
-224
Let s(x) = -2*x**2 - 322*x - 2630. Calculate s(-8).
-182
Let v(o) = 150*o**2 - 90*o - 193. Determine v(-2).
587
Let l(j) = -66577*j - 331836. Determine l(-5).
1049
Let m(o) = 764*o - 64953. Determine m(85).
-13
Let w(a) = -a**3 - 477*a**2 + 16259*a - 14753. Determine w(-509).
8
Let n(y) = -2*y**3 - 303*y**2 - 451*y + 1067. Determine n(-150).
1217
Let o(f) = 89*f**2 - 5787*f + 60154. What is o(13)?
-36
Let u(m) = 53*m + 4929. Determine u(-100).
-371
Let n(a) = a**3 + 84*a**2 - 372*a - 17121. Give n(-86).
79
Let l(g) = g**2 + 333*g - 245. Give l(6).
1789
Let r(u) = u**3 + 88*u**2 + 355*u + 23. Calculate r(-84).
-1573
Let z(m) = 2*m**3 - 39*m**2 + 16*m - 333. What is z(19)?
-390
Let m(z) = -z**3 + 139*z**2 - 1057*z + 1102. Determine m(131).
-77
Let z(q) = -q**3 - 29*q**2 - 194*q - 4302. What is z(-28)?
346
Let k(m) = 5*m**2 + 754*m + 4130. What is k(-145)?
-75
Let s(n) = -168*n**2 - 4020*n + 80. Give s(-24).
-208
Let h(c) = c**2 - 45*c - 63. What is h(42)?
-189
Let r(i) = -15*i**2 - 539*i - 3031. Give r(-7).
7
Let h(i) = i**3 + 47*i**2 + 83*i + 1661. Determine h(-46).
-41
Let w(k) = 1915*k**2 + 1510938*k + 2381. Give w(-789).
14
Let g(v) = 2*v**3 - 368*v**2 + 2138*v - 406. What is g(178)?
-50
Let s(j) = 2*j**3 - 3*j**2 - 101*j + 642. Calculate s(9).
948
Let b(y) = y**3 + 779*y**2 - 131846*y - 8. What is b(143)?
-8
Let h(b) = -841*b - 176463. Determine h(-210).
147
Let y(r) = r**2 + 113*r - 17990. Calculate y(-201).
-302
Let i(x) = 5236*x - 31384. Give i(6).
32
Let f(p) = 26*p - 2856. Determine f(103).
-178
Let m(d) = 4*d**2 + 13430*d + 147249. Give m(-11).
3
Let j(k) = k**3 - 94*k**2 - 72*k - 2081. Determine j(95).
104
Let o(p) = 14728*p + 692156. Determine o(-47).
-60
Let a(g) = -g**2 - 90*g + 1235. Determine a(-103).
-104
Let z(a) = -3592*a - 262102. What is z(-73)?
114
Let n(l) = 7*l**2 + 52*l - 648. What is n(12)?
984
Let h(t) = t**2 + 287*t + 9874. Calculate h(-247).
-6
Let v(s) = -3823*s + 3123329. Give v(817).
-62
Let m(a) = 16*a**2 - 557*a - 67. Calculate m(37).
1228
Let k(r) = -12899*r - 64525. Give k(-5).
-30
Let a(s) = -s**2 - 32650*s - 261071. What is a(-8)?
65
Let o(i) = 1902*i + 38988. Determine o(-16).
8556
Let k(l) = -611*l**2 - 12822*l - 92. What is k(-21)?
-281
Let t(a) = -14*a**3 - 233*a**2 - 679*a - 189. Determine t(-13).
19
Let q(t) = 636*t**2 + 81*t - 4. Give q(-1).
551
Let b(q) = 9*q**3 - 9*q**2 - 2947*q + 8930. Calculate b(3).
251
Let b(l) = l**2 + 152*l + 821. What is b(-141)?
-730
Let m(s) = -3*s**2 - 1502*s - 15645. Determine m(-490).
35
Let d(v) = v**2 + 102*v - 3378. Determine d(-125).
-503
Let t(z) = 1035*z + 10061. Determine t(-9).
746
Let j(g) = -58*g**2 + 23150*g - 117416. Determine j(394).
-4
Let a(i) = 1073*i**2 + 2165*i + 26. What is a(-2)?
-12
Let a(l) = 257*l + 242. Determine a(1).
499
Let u(k) = 6*k**3 - 86*k**2 - 15*k - 52. Calculate u(16).
2268
Let b(s) = 5*s**3 - 210*s**2 - 5*s - 94. What is b(42)?
-304
Let w(h) = 4713*h + 47120. Calculate w(-10).
-10
Let j(z) = z**3 - 244*z**2 - 1071*z + 81618. Give j(247).
108
Let x(g) = 14409*g - 893365. Give x(62).
-7
Let g(c) = c**2 + 568*c + 914. What is g(-567)?
347
Let w(j) = -1286*j + 20679. What is w(16)?
103
Let p(o) = -184*o**2 - 592*o + 595. What is p(-4)?
19
Let n(u) = -32*u**3 - 6*u**2 - 15*u - 8. Calculate n(-2).
254
Let k(q) = 9491*q + 1025130. Calculate k(-108).
102
Let h(z) = -z**3 - 33*z**2 - 265*z - 2596. What is h(-27)?
185
Let c(j) = 3484*j + 41976. Determine c(-12).
168
Let z(s) = 5851*s - 87961. Calculate z(15).
-196
Let k(l) = 4789*l + 100556. Determine k(-21).
-13
Let i(b) = -4*b**2 + 41*b + 4039. What is i(37)?
80
Let g(z) = z**3 - 134*z**2 + 11*z - 1437. Determine g(134).
37
Let h(j) = 27762*j + 83308. Calculate h(-3).
22
Let z(v) = 299*v**2 + 1666*v + 1661. Calculate z(-1).
294
Let c(v) = -v**3 + 17*v**2 + 300*v - 5093. Calculate c(16).
-37
Let m(i) = -13436*i + 68033. What is m(5)?
853
Let c(g) = -g**3 + 37*g**2 - 226*g - 19. Give c(7).
-131
Let v(g) = 97*g**2 - 466*g + 1158. Give v(3).
633
Let s(v) = -1739*v + 93133. Calculate s(52).
2705
Let g(u) = -54*u**2 - 10314*u - 182. Give g(-191).
-182
Let j(d) = 2*d**3 + 276*d**2 - 2038*d - 1069. Determine j(-145).
91
Let h(n) = -n**2 - 1214*n - 377. Calculate h(0).
-377
Let z(d) = 2*d**2 + 41*d - 424. Give z(-27).
-73
Let u(a) = -a**2 + 58*a + 7351. Calculate u(-57).
796
Let g(h) = 30866*h - 183302. Give g(6).
1894
Let d(z) = 2*z**3 - 56*z**2 + 245*z - 608. What is d(23)?
-263
Let j(o) = o**3 + 43*o**2 + 418*o - 453. What is j(-27)?
-75
Let w(o) = -5*o**3 - 3287*o**2 + 1924*o - 32895. What is w(-658)?
5
Let v(i) = 32*i**2 + 3875*i + 297. Calculate v(-121).
-66
Let a(m) = 2168*m - 17881. Calculate a(9).
1631
Let g(i) = -151*i + 414. Determine g(-5).
1169
Let x(s) = -106*s**2 + 10529*s - 3469. What is x(99)?
-4
Let o(z) = -z**2 - 215*z - 6581. What is o(-35)?
-281
Let p(s) = -2*s**3 - 5*s**2 - 230*s + 3180. Calculate p(8).
-4
Let n(k) = -2*k**3 + 40*k**2 - 116*k - 45. Determine n(3).
-87
Let h(s) = -4936*s + 103745. Determine h(21).
89
Let p(d) = -314596*d + 52852130. Give p(168).
2
Let t(g) = 419*g**2 - 1645*g + 2. What is t(4)?
126
Let k(r) = r**2 - 17700*r + 459536. What is k(26)?
12
Let i(a) = 4110*a + 8209. Determine i(-2).
-11
Let w(o) = 21149*o - 232648. Calculate w(11).
-9
Let x(h) = -h**3 + 123*h**2 + 1038*h - 77. Calculate x(-8).
3
Let q(y) = 19*y**3 - 290*y**2 + 338*y - 3939. Determine q(15).
6
Let w(r) = -548*r + 419. Determine w(1).
-129
Let x(v) = -v**2 - 53899*v - 323392. Give x(-6).
-34
Let n(k) = -15*k**3 - 1533*k**2 - 314*k - 881. What is n(-102)?
-65
Let u(b) = -b**3 - 455*b